375*b**2. Is k(-1) a prime number?
False
Suppose 4*h = 20, -3*g + 3334886 = 151*h - 156*h. Is g a composite number?
False
Suppose 78307 = 4*l + 5*h, -19081 = 3*l + h - 77825. Is l a composite number?
False
Suppose -22650 = 4*l - 2*v - 0*v, -v = -1. Let d = l - -9981. Is d a prime number?
False
Suppose 107*u = -u + 8561484. Is u a prime number?
True
Let v(q) = 21191*q**2 - 52*q - 167. Is v(8) prime?
False
Let o be ((-164466)/(-6))/(-3) - 0. Let m = 16354 + o. Is m a prime number?
False
Suppose -81 = 32*o + 111. Let p be 0 + 0/(-1) + -27. Is 3/(p/o)*839*3 prime?
False
Is -4 - ((-54)/9)/6*(114456 + -3) a composite number?
True
Let o = -13 + 34. Let v = 11 - o. Is (-2616)/(-20) + (-2)/v composite?
False
Suppose 0 = 81*i - 24*i - 5267541. Is i a composite number?
False
Let y(b) = -72*b**3 + 4*b - 20*b**2 + 2 + 23 + 75*b**3 + 13 - 1. Is y(16) a composite number?
True
Suppose 4*l + 3*r - 46 = 8*r, -7 = -l - r. Suppose -8*p + l*p = 31357. Is p composite?
False
Let l(w) = 4*w. Let p be l(0). Suppose p = -7*h - 384 - 589. Let v = 206 + h. Is v prime?
True
Let k(y) = 2*y**2 - 91*y + 60. Let o be k(45). Suppose 2*j - 13*g - 7092 = -o*g, -g = -1. Is j a composite number?
True
Let r(t) = -10*t**2 - 2*t - 7. Let v(i) = -4*i**2 + i + 2. Let w(f) = -r(f) + 2*v(f). Suppose -5*d - 13 = 3*l + 33, -4*d - 2*l - 38 = 0. Is w(d) composite?
True
Suppose -24*h = -469 + 13. Is ((-123)/(-5))/(h/95) composite?
True
Is -3*389523/(-18)*(29 + -27) prime?
True
Suppose -3060690 - 3628545 = -39*r + 2974926. Is r prime?
True
Suppose -56*b + 2*b - 10*b + 24826304 = 0. Is b a composite number?
False
Let j(z) be the second derivative of z**4/12 - 3*z**3 - 15*z**2/2 - 9*z. Let c be j(19). Suppose -c*m + 0 = 16, -5*m = -2*g + 1458. Is g prime?
True
Suppose 4*c + q + 11 = 0, q + 0 = -3*c - 8. Let o be c/6*-1 - 15/10. Is o - (-4 - (214 + -3)*1) a composite number?
True
Let n be (-1 - (9/(-3) + 0)) + -828. Let k = 459 + -806. Let y = k - n. Is y a composite number?
False
Let u(n) = 9*n**3 + 3*n + 5. Suppose p + 11*h - 13 = 13*h, 0 = -2*h - 10. Is u(p) a composite number?
False
Suppose 0*i = a + 2*i, -a + 5*i = 0. Suppose 3*t + a = 1626. Let d = -288 + t. Is d prime?
False
Suppose -495 = -3*x + 3501. Let c = x + 4505. Is c prime?
False
Suppose -2100389 = 8*u + 8*u - 57*u. Is u composite?
False
Let v = -130679 + 182961. Is v a composite number?
True
Suppose -6 = -4*c + 6*c. Let p be (-32)/c - -3*2/(-9). Is -4 + 95/25 - (-9132)/p composite?
True
Let y(n) = -3173*n + 1464. Is y(-49) a composite number?
False
Suppose -7 - 64 = -3*t + r, t + 5*r - 29 = 0. Let d be (-2 + t)*(-3 + 2 + 0). Let w = d - -71. Is w composite?
True
Let a(s) = 14188*s**2 + 2441*s - 14681. Is a(6) composite?
True
Let z = 3358495 - 2125496. Is z a prime number?
True
Let r = 43 - 39. Suppose l = 0, 3*l - r = -n + 2*l. Is n - 1/(5/(-2415)) a composite number?
False
Let b(s) = 9484*s**3 + 3*s**2 - s - 5. Is b(2) a prime number?
False
Let x(f) = 177*f - 1578*f + 156 - 1641*f + 667*f. Is x(-7) composite?
True
Let y(u) = 44*u**2 - 3. Let q = -69 + 47. Let d = q + 17. Is y(d) a prime number?
True
Suppose 4*b - 3 - 15 = -3*d, 7 = -4*d + 5*b. Suppose 2412 = -d*c + y - 1853, 3*c + 6381 = -4*y. Let r = -734 - c. Is r composite?
True
Suppose -5*q + 1 = -3*u + 5, -u + 4*q - 8 = 0. Suppose 0 = u*j - 9492 + 1100. Is j prime?
True
Suppose -2*c + 3*c - 1 = l, 2 = 2*l + 2*c. Suppose l + 12 = 4*m. Suppose -2826 = -m*k + 357. Is k composite?
False
Let y(s) = -6084*s - 1007. Is y(-15) a composite number?
True
Suppose 56*r - 20*r + 127*r = 23820983. Is r composite?
False
Let d(z) = z**2 + 15*z + 30. Let w be d(-14). Suppose -13 = -q - 5*g - 3, -3*q - g = -w. Let s(o) = 2*o**3 - 4*o**2 + 5*o + 10. Is s(q) a composite number?
True
Suppose -2*b = 4*t + 26, 4*b + 4*t + 43 = 11. Let r(w) = w**2 + 7*w + 4. Let g be r(b). Is (-17 + 69)*(-6)/g composite?
True
Let b(q) = -2*q**3 - 9*q**2 - 22*q + 8. Let f be b(-17). Suppose f = 4*t - 32621. Is t composite?
True
Let n = 23944 + -13623. Let k = -6144 + n. Is k prime?
True
Suppose -258*t + 29808387 + 5396745 = 0. Is t a composite number?
True
Suppose -62*k + 51*k + 172997 = 0. Is k a composite number?
False
Let z = 238 + -236. Suppose -3*a + 12956 = 3*j + 2*j, a + z*j = 4317. Is a a prime number?
True
Let r be -2 - 384/(-180) - 94/30. Is (-209692)/(-21) + ((-4)/r)/(-4) prime?
False
Let k(x) = -x**2 - 8*x - 14. Let b be k(-2). Is 16409/9 - (16/(-9) - b) a prime number?
True
Suppose 5*g + 2228097 = 67*u - 63*u, -3*u = -g - 1671092. Is u a composite number?
False
Suppose 0 = -y - 4*y. Suppose 5*s - 25 = y, -52 + 9 = 4*p + s. Is 4*(-3)/(p/673) composite?
False
Let y = -87 + 83. Is ((-25508)/21)/(y/6) a composite number?
True
Let i(m) = 1034*m**2 + 12*m + 7. Suppose 2*p + 2*a = -2, 7*a - 5 = -p + 3*a. Is i(p) a composite number?
False
Let u(q) = 23*q - 11*q - 18*q - 7. Let l be u(-1). Is (27236/(-80) - l/5)*-4 a prime number?
True
Let u be (2 - -1) + -6 + (15 - 6). Suppose u*q + q = 12271. Is q composite?
False
Suppose 0 = -23*r + 40 + 75. Suppose 5*n + 7*u - 6807 = 9*u, 6803 = r*n + 2*u. Is n composite?
False
Suppose 567*f - 566*f = 40114. Let j = f + -15237. Is j a prime number?
True
Let u(d) = 10*d + 125. Let l be u(-12). Suppose l*k - 8*k + 10671 = 0. Is k a prime number?
True
Let r(v) = -17*v + 49. Let c be r(2). Suppose c*i - 12557 = 13558. Is i a composite number?
False
Let d = -22 - -123. Let q = 103 - d. Suppose -5*o - q*m + 5639 = -9134, -8855 = -3*o + m. Is o a prime number?
True
Let j(y) = -285960*y + 3335. Is j(-3) composite?
True
Suppose -56*c + 852359 = -1567569. Is c prime?
False
Let h(s) = -s**3 + 2*s**2 - 3*s + 2. Let c be h(1). Suppose -13*t - 15024 + 63241 = c. Is t a prime number?
True
Let l(h) = -8*h - 3. Let t be l(-1). Suppose 3*f - t*i - 1 = -0*i, -6 = -5*f + 4*i. Suppose -3*y + p - 2*p + 1222 = 0, -833 = -f*y + 3*p. Is y composite?
False
Suppose 26*q - 9*q = 87754. Suppose 4*r + 1654 = q. Is r prime?
True
Let c = -192 + 209. Suppose c*l - 25414 = 357613. Is l a composite number?
False
Let k be -3 - (0 + -1) - -8. Let m be -2*1*(-1527)/k. Suppose -t + 928 + 101 = 4*b, 0 = 2*b - 5*t - m. Is b a prime number?
True
Let y = 82011 + -32866. Is y prime?
False
Let k be (-81)/((-10)/4 - -4). Is (-595449)/k + (7/(-6))/(-7) prime?
True
Let p(d) = -d**3 - 4*d**2 - 4*d - 1. Let m(u) = 3*u**3 + u**2 + u. Let s be m(-1). Let h be p(s). Suppose h*k - 99 = -q, -5*k + q + 259 = 15. Is k prime?
False
Let c(u) = u**3 - 2*u**2 - 5*u + 3. Let n be c(4). Let s = -48 + n. Is (73 - -1)*s/(-22) composite?
True
Let n(c) be the third derivative of 71*c**5/10 - 2*c**4/3 + 5*c**3/2 + 102*c**2. Is n(-7) prime?
True
Let q(w) = 911*w - 9. Suppose -5*p + 22 = 2. Is q(p) composite?
True
Let x(v) = -325*v**2 - 2*v - 10. Let w(q) = 976*q**2 + 5*q + 31. Let a(u) = 2*w(u) + 7*x(u). Let o be a(3). Let s = o - -5086. Is s composite?
True
Let b be (-90)/(-2)*-1*(3 - 2). Let o = 49 + b. Suppose -o*p + 974 = -2*y - 1042, 0 = -p - y + 501. Is p a prime number?
True
Is 32833 + (-1 - -12)*-1 a prime number?
False
Suppose 7*y + 3*n + 218912 = 12*y, 2*y - 87536 = -2*n. Is y prime?
True
Let c(l) = 1942*l**3 + l**2 + 4*l - 4. Let p(g) = -g**2 - 16*g + 106. Let x be p(-21). Is c(x) composite?
True
Let j(r) = -r**3 + 33*r**2 + 69*r + 36. Let x be j(35). Let z(p) = 308*p**3 - 3*p**2 + 2*p. Is z(x) a prime number?
True
Let o(t) be the first derivative of -t**7/420 + t**6/72 - t**5/15 - 29*t**4/24 + 8*t**3/3 + 20. Let z(f) be the third derivative of o(f). Is z(-4) prime?
True
Suppose -4*j + p = 0, -2*j = -7*j + 2*p. Suppose j = 2*s - 7501 + 1055. Is s composite?
True
Let w = 157557 - 69760. Is w a composite number?
False
Let w(t) = -2*t**3 + 11*t**2 - 8*t + 18. Let c be w(5). Let v = 10833 - 7608. Suppose c*r - 30048 + v = 0. Is r composite?
False
Suppose 0 = 4*n - u - 917510, 175*n + 5*u = 179*n - 917486. Is n prime?
False
Let t = 248 + -247. Is 2/(5 - 4)*t - -216 composite?
True
Let v be (-306)/(-39) + -5 + (-8)/(-52). Suppose 0 = 5*o + v*x - 66730, 5*o + 4*x - 92136 = -25411. Is o composite?
True
Suppose -8*t - 72 = 40. Let c(k) = -12*k + 4 + 24*k**2 - 8*k - 1. Is c(t) a composite number?
False
Let m(u) = u**3 - 24*u**2 + 1. Let t be m(24). Let a be 4*t/(4/(-583)). Let k = a + 1224. Is k prime?
True
Let w(k) = 84*k**3 - 3*k**2 - 